lue of -45 + 11 + 130 + -117?
-21
Evaluate (11 + -32 - 3) + -5 + 16 + -118 + 0.
-131
What is the value of 9 + (4 + (3 - -12) - -40)?
68
Calculate 19 + (-5 - (-8 + 11)) + 15.
26
Evaluate 4 + 1 + (11 - (-7 + 16)) + -20.
-13
What is (-12 - 4) + (29 - 21 - -43)?
35
What is the value of (-5 - 2) + (-22 - (9 - (-12 + -4)))?
-54
Calculate -4 + (-4 + -1 - (-31 - (-51 + 29))) + 10.
10
Evaluate -107 + (-71 - -74) + 66.
-38
Calculate -22 + -27 + (37 - 2).
-14
Calculate (51 - 0) + (-52 - (-15 + -43 + 23)).
34
Evaluate -1 + (1 - 6) + (147 - (-40 + 145)).
36
What is -54 + (135 - (-36 + 127))?
-10
Evaluate 40 + 21 + (-38 - -38) - -22.
83
Evaluate 24 + (-8 - (44 + -22)).
-6
Calculate 6 + -3 + (482 - 457).
28
What is the value of 0 - (-20 + -6 + -8 + -5)?
39
What is the value of -97 - -3 - (-16 + -2 + (0 + 7 - -6))?
-89
What is 27 - (-4 + 72 - 14) - 32?
-59
What is -150 - -169 - (-25 - (-10 - -14))?
48
Calculate 31 - ((70 - 93) + 133).
-79
What is (52 - -8) + -29 + (16 - 7 - 9)?
31
Evaluate 17 + -17 + -18 + 122 - (5 + (-6 - 1)).
106
Evaluate (-11 - 0) + -31 + 39 - (15 + -9) - 84.
-93
What is -45 - (-46 - (-96 + 32))?
-63
What is the value of (66 - 45) + -41 - 40?
-60
Calculate -426 + 438 + (-3 - -17).
26
-12 + 3 + -3 + (11 - 46) + 5
-42
What is the value of -28 + (29 - 0) + 5 - ((-7 - 0) + 2)?
11
What is the value of -145 - (36 - -67 - 211)?
-37
What is the value of -1 + (-7 - -17) + -7 + -49?
-47
What is (26 - (4 + -2 + 17)) + 23?
30
Evaluate (-3 - (14 + -14)) + 3 + (2 - (-73 + -8)).
83
What is the value of (8 + (5 - -3 - 6) - 5) + -32?
-27
Calculate 15 - 6 - (8 - 19 - 0).
20
What is the value of 62 + -8 + (-14 + 1 - -4 - -22)?
67
What is 218 + -98 + -137 + 55 + 1?
39
Calculate -3 - -6 - 4 - 127 - 4 - (877 - 876).
-133
Evaluate -34 + -2 + 68 + 11.
43
16 + -21 + (7 - -2) + (25 - -9) + -3
35
What is the value of 1730 - 1750 - (37 + 10)?
-67
0 - (23 + -25 - -24) - -56
34
Calculate 233 + -195 - (-12 + 4 - -42).
4
Calculate 18 - (-20 + 60) - -29 - 76.
-69
What is the value of 29 - -16 - (-81 - -70)?
56
What is 33 - (-16 + 39) - (1 + -1)?
10
4 + 18 + -5 + -1 - (-240 + 196)
60
Evaluate (-61 - -80) + (21 - 50) + -2 + (-40 - -2).
-50
Evaluate -10 + -40 + 84 - 33.
1
Evaluate (-6 - -1 - (-66 - (-46 - 4))) + 9.
20
Calculate 25 + -111 + 27 - -42.
-17
What is the value of 14 - 5 - (17 + -18 + -26)?
36
What is -16 + 10 + (-20 - -78) + -9 + -3?
40
Evaluate 66 - (112 - 45) - (1 - -46).
-48
What is the value of -5 + -353 + 360 + (38 - 0)?
40
What is the value of 254 + -272 - (-35 - 31)?
48
Calculate (13 - 25) + (4 - (-13 - 0) - -23).
28
What is the value of 0 - (-21 - -1) - (-30069 - -30064)?
25
306 + -308 + 93 + (-1 - (-1 - -2))
89
What is the value of 16 + -23 + (44 - 17)?
20
What is the value of (44 - (50 + 10)) + 10?
-6
What is -1 + (0 - 15) - (12 + -37 + 32)?
-23
Calculate -12 + (-13 - (-3 - (1 + -3)) - (-781 - -763)).
-6
Evaluate -3357 + 3363 + (2 - 73 - -1).
-64
What is the value of -3 - (-6 + 1 + 2) - -51 - (-153 - -141)?
63
Calculate -89 - (18 + (-73 - -26) + 39).
-99
What is (5 + -10 - -65) + (-6 - (-2 - 0))?
56
What is the value of (2 + -6 - (-12 - 24)) + -2?
30
Calculate (57 - 25) + (-2 - 20) - -27.
37
Evaluate -39 - 2 - (2463 + -2478).
-26
Calculate -11 + 204 + -217 + (0 - (4 - 3)) + 164.
139
47 - (10 + (-25 - (29 - 54)) + 0 + -6)
43
143 + -184 - ((4 - 11) + (3 - -12))
-49
Calculate (-129 - -102) + (-9 - -12) + 21.
-3
-41 - -71 - (23 - 112) - (-1 - 10 - 1)
131
-117 + 18 - ((-15 - (0 + -8)) + 12 - 17)
-87
Evaluate 2 + (13 - (-9 - -22)) - 21.
-19
What is 20 - ((-19 - -57) + -27)?
9
What is 3 + -4 + 2 + 19 - 92?
-72
What is (-2 + 2 - (-18 - 24)) + 0 + 16 + -8?
50
What is 26 + -32 - (-10 - (-37 + 21))?
-12
Evaluate 4 - (0 + 16) - (-39 - -2 - 7).
32
Evaluate -33 - (-73 + 18) - (-6 + 129 + 1).
-102
Calculate (11 - (19 - (1 - -9) - -2)) + (9 - 0).
9
Calculate 13 + (-19 - 11 - -28) - 4.
7
Calculate -13 + (14 - (-1 - 2) - 9) + -36.
-41
What is the value of -35 - -6 - (-33 + 54 + -27)?
-23
What is -93 - (-62 + (-51 - -90))?
-70
What is the value of (-62 - (-30 - 16)) + -4 + 25?
5
Calculate 78 - (38 + -49 + 47).
42
Calculate 12 - (61 - (22 - -16)).
-11
What is (-1 + 17 - (-9 + 6 + 11 + -2)) + -49?
-39
What is the value of -9 + (10 - (10 + -1) - -22)?
14
Calculate -11 + 22 - (-1 + (1 - -7) - 72).
76
What is -10 - ((30 - 47) + -50)?
57
What is 11 - 4 - (-1 - 2) - (0 - -41) - -7?
-24
What is 20 - (-89 + 49 + -6)?
66
Calculate -3 - -2 - (1 + 8) - (1810 - 1798).
-22
Evaluate -1 - -95 - -2 - (-609 + 604).
101
Calculate (0 - (10 + (8 - (-11 - -24)))) + 3 - 9.
-11
-20 + -110 + -296 + 413
-13
What is (-388 - (-438 - -63)) + (2 + 0 - (103 + 3))?
-117
What is the value of (-3 + -5 - (-10 - (2 - -3))) + -26 + -46?
-65
What is the value of -98 + -27 + (12 - -38) + 37?
-38
What is -15 + (3 + (5 - 4) - -2) + -22 + 0?
-31
What is 15 - ((-33 - -103 - (-3 + 9)) + -9)?
-40
What is -49 + -17 + -4 + 37 + 1?
-32
-2 - -12 - (-5 - (5 - -14) - 1)
35
19 + (-17 - 50 - -54)
6
4 + 0 + (18 - ((57 - -7) + 2 + 14))
-58
What is (-14 - 124) + 35 - -50?
-53
What is the value of -50 - (416 - 457) - (8 - 0)?
-17
5 + -44 + (28 + 4 + -11 - 14)
-32
Calculate -9 + (-17 - (-25 + -1 + -6)) - 56.
-50
(-15 - -29) + -13 + -8 - -5
-2
What is -66 + 0 + 27 + 17 - -105?
83
-67 - (15 + (-83 - -34))
-33
What is the value of -2 + -30 + 53 + -18 + (-1 - (-3 - -93))?
-88
-8 + 61 + (11 - 16) + 9 + -12
45
What is the value of -2 - 15 - ((-22 - -26) + -33)?
12
What is the value of -19 + 10 + 18 - -4 - (6 + 46 + 5)?
-44
Calculate -2 + (22 + -70 - -17) + 57.
24
What is the value of (2 + 0 + 2 - (-499 + 506)) + 1 + 78?
76
-7 + 10 + 4 - 19 - 29
-41
What is -282 + 125 + 54 + (0 - -20) + 0?
-83
What is (2 - 14) + (1140 - 1190)?
-62
(-38 - 12) + (13 + -9 - -8)
-38
Evaluate -220 + (-17 - -199) - (-36 + -2).
0
-67 - 4 - (22 + -39 + 18)
-72
Evaluate 35 - (118 + (56 - 108)).
-31
2 - (34 + 12 + -64)
20
-19 + 51 + -25 + -21 - 49
-63
What is the value of -5 - (-12 + 5 + -3) - -5?
10
Calculate (-38 - (-37 - -32)) + 105 + 1 + 3 + 0.
76
Evaluate 5 + -74 + 105 - 26.
10
Evaluate (-56 - -35) + -95 + 47.
-69
What is -84 + 45 + 85 + -4?
42
What is the value of -15 + (10 + -36 + 28 - -130)?
117
What is the value of (-30 + 43 - 24) + 9?
-2
Calculate 46 + -99 - -89 - 40.
-4
Calculate 2 + (10 - 4 - 4) + (3 - (7 - -113)).
-113
-38 + (-28 - 63) - (-14 + (2 + -1 - -6))
-122
Evaluate 3 - -1 - ((-8 - -9 - 17) + 11) - -23.
32
Calculate (89 - (38 - -58)) + -33 + (5 + -3 - 3).
-41
Evaluate -9 + 23 - 75 - 18 - (-20 - -6).
-65
Evaluate -81 + 50 + (-49 - -65).
-15
0 + -7 + (4 + -1 - (16 - 44))
24
What is (11 + -12 - (-11 + 6 + (7 - 9))) + 5?
11
What is 13 + -40 + 84 + -54?
3
Calculate (0 - -6) + (8 + -23 - (-35 + 28) - 15).
-17
Evaluate (0 - 0) + (995 - 1074).
-79
What is the value of 1 + -14 - 1 - (-30 + (-27 - -50))?
-7
What is 54 - (41 + 22) - 1?
-10
110 + (-344 - -210) + 3 + 1
-20
Calculate 20 + 1 + -55 + (43 - 55).
-46
39 - (64 - 43) - -36
54
What is (28 - 31 - 18) + -26 - (3 + (-2 - 0))?
-48
Calculate 25 + (23 + (-38 - -8) - (-2 - 2)).
22
-136 - (-392 - -111) - 41
104
Calculate 39 - (22 + 9) - (-1 - -42).
-33
Calculate (-11 - (-23 + (-2 - -13))) + (27 - 10).
18
What is the value of -15 + (-13 + 23 - (1 - 1))?
-5
What is 6 + -2 + 6 + -23 - 4?
-17
What is 49 - ((0 - -13) + (9 + (-34 - -9) - -11))?
41
What is (163 - 170) + 2 + 0?
-5
What is the value of -1 + -2 + -120 + -225 + 364?
16
Calculate 170 + -170 + (2 - 5 - -5) - (4 - 59).
57
90 + -261 + (-4 - (17 + -56))
-136
What is -18 - (0 + (-20 - -31))?
-29
Calculate 79 + 12 + -8 + (-9 - -24) + (4 - 19).
83
(1 - (-2 + -1 + 3)) + -6 + 1232 + -1294
-67
What is the value of 149 + 1 - (13625 - 13587)?
112
(-2 - (-8 + -1)) + 22 - (10 + -5)
24
What is (10 - 1) + -514 + 515 + -47?
-37
Calculate -3 + (108 + 9 + -59 + 20 - (1 - -3)).
71
Calculate 108 + 16 + -1 - (3 + -19 + 10).
129
Calculate 1 - (-1 - -71) - (-19642 - -19621).
-48
Calculate -7942 - -7938 - (-2 - 23 - (1 + -2)).
20
(-10 - (-13 + 5 + -1)) + (-1 - 4)
-6
(-1 - -12) + -4 + -3 - (-1 + 18 + -28)
15
What is the value of 124 - (-83 - 9 - -116)?
100
Calculate -62 - (-8 + 9 + 19 - 39).
-43
-38 + (-7 - (31 + -66)) + -42 + 0
-52
What is the value of (-282 - -331) + (-3 + 7 + 0 - 6)?
47
Calculate (-1 + -2 - (49 + -48)) + (6 - 3).
-1
-19 + (-15 - -31) + 1 + (-59 - -1 -